ts digit of 30210?
0
What is the hundreds digit of 65010?
0
What is the thousands digit of 2094?
2
What is the thousands digit of 11934?
1
What is the tens digit of 356?
5
What is the hundreds digit of 1174?
1
What is the units digit of 7605?
5
What is the tens digit of 34531?
3
What is the tens digit of 12172?
7
What is the tens digit of 50627?
2
What is the tens digit of 4812?
1
What is the tens digit of 46476?
7
What is the tens digit of 849?
4
What is the units digit of 247?
7
What is the ten thousands digit of 33328?
3
What is the hundreds digit of 2005?
0
What is the units digit of 1529?
9
What is the thousands digit of 47653?
7
What is the tens digit of 564?
6
What is the units digit of 19920?
0
What is the tens digit of 130900?
0
What is the hundreds digit of 44666?
6
What is the ten thousands digit of 15965?
1
What is the hundreds digit of 729?
7
What is the thousands digit of 12240?
2
What is the units digit of 7114?
4
What is the units digit of 238?
8
What is the units digit of 663?
3
What is the hundreds digit of 17033?
0
What is the units digit of 24804?
4
What is the hundreds digit of 633?
6
What is the tens digit of 102375?
7
What is the hundreds digit of 16176?
1
What is the hundreds digit of 550?
5
What is the units digit of 4380?
0
What is the hundreds digit of 1391?
3
What is the thousands digit of 9507?
9
What is the ten thousands digit of 11864?
1
What is the tens digit of 3060?
6
What is the thousands digit of 46945?
6
What is the tens digit of 85990?
9
What is the hundreds digit of 190?
1
What is the units digit of 14880?
0
What is the tens digit of 13469?
6
What is the thousands digit of 13760?
3
What is the units digit of 497?
7
What is the tens digit of 697?
9
What is the hundreds digit of 2619?
6
What is the ten thousands digit of 18390?
1
What is the thousands digit of 1141?
1
What is the thousands digit of 27109?
7
What is the units digit of 4771?
1
What is the tens digit of 97800?
0
What is the tens digit of 15025?
2
What is the tens digit of 273?
7
What is the units digit of 19453?
3
What is the tens digit of 4016?
1
What is the hundreds digit of 1309?
3
What is the tens digit of 345?
4
What is the hundreds digit of 5373?
3
What is the units digit of 7668?
8
What is the hundreds digit of 61116?
1
What is the thousands digit of 8140?
8
What is the units digit of 891?
1
What is the tens digit of 1273?
7
What is the thousands digit of 2610?
2
What is the tens digit of 34522?
2
What is the units digit of 911?
1
What is the thousands digit of 19092?
9
What is the ten thousands digit of 75844?
7
What is the units digit of 119541?
1
What is the thousands digit of 1728?
1
What is the hundred thousands digit of 158491?
1
What is the units digit of 5545?
5
What is the units digit of 58581?
1
What is the tens digit of 8773?
7
What is the tens digit of 15790?
9
What is the thousands digit of 1598?
1
What is the tens digit of 1845?
4
What is the hundreds digit of 5239?
2
What is the thousands digit of 8552?
8
What is the tens digit of 14764?
6
What is the ten thousands digit of 36073?
3
What is the thousands digit of 1023?
1
What is the hundreds digit of 7046?
0
What is the hundreds digit of 6559?
5
What is the tens digit of 1305?
0
What is the tens digit of 1295?
9
What is the units digit of 3695?
5
What is the thousands digit of 21599?
1
What is the units digit of 20220?
0
What is the hundreds digit of 6760?
7
What is the tens digit of 2175?
7
What is the hundreds digit of 2360?
3
What is the units digit of 2135?
5
What is the thousands digit of 1912?
1
What is the hundreds digit of 1959?
9
What is the hundreds digit of 58699?
6
What is the units digit of 1159?
9
What is the ten thousands digit of 54843?
5
What is the tens digit of 5172?
7
What is the tens digit of 30?
3
What is the thousands digit of 10792?
0
What is the tens digit of 2332?
3
What is the tens digit of 5756?
5
What is the ten thousands digit of 29458?
2
What is the tens digit of 250?
5
What is the units digit of 104?
4
What is the tens digit of 3383?
8
What is the hundreds digit of 1796?
7
What is the hundreds digit of 3294?
2
What is the units digit of 3050?
0
What is the hundreds digit of 67763?
7
What is the thousands digit of 5701?
5
What is the hundreds digit of 383?
3
What is the thousands digit of 5306?
5
What is the tens digit of 1240?
4
What is the ten thousands digit of 67242?
6
What is the thousands digit of 2961?
2
What is the tens digit of 2524?
2
What is the units digit of 1716?
6
What is the hundreds digit of 57966?
9
What is the thousands digit of 71461?
1
What is the hundreds digit of 29945?
9
What is the units digit of 9331?
1
What is the units digit of 6512?
2
What is the tens digit of 544?
4
What is the units digit of 2205?
5
What is the units digit of 17547?
7
What is the tens digit of 450?
5
What is the thousands digit of 1905?
1
What is the thousands digit of 8639?
8
What is the units digit of 7059?
9
What is the thousands digit of 2016?
2
What is the hundreds digit of 8497?
4
What is the hundreds digit of 1994?
9
What is the tens digit of 1260?
6
What is the tens digit of 28653?
5
What is the hundreds digit of 14421?
4
What is the hundreds digit of 9264?
2
What is the hundreds digit of 1042?
0
What is the tens digit of 1066?
6
What is the hundreds digit of 1489?
4
What is the tens digit of 1508?
0
What is the hundreds digit of 3192?
1
What is the tens digit of 2816?
1
What is the hundreds digit of 8595?
5
What is the units digit of 647?
7
What is the hundreds digit of 1630?
6
What is the units digit of 433?
3
What is the hundreds digit of 1039?
0
What is the hundreds digit of 1048?
0
What is the units digit of 9153?
3
What is the tens digit of 1480?
8
What is the units digit of 15137?
7
What is the thousands digit of 7281?
7
What is the tens digit of 5161?
6
What is the hundreds digit of 40503?
5
What is the thousands digit of 85228?
5
What is the tens digit of 2250?
5
What is the tens digit of 7186?
8
What is the hundreds digit of 898?
8
What is the tens digit of 1860?
6
What is the tens digit of 2692?
9
What is the tens digit of 11279?
7
What is the tens digit of 24973?
7
What is the hundreds digit of 51130?
1
What is the hundreds digit of 2566?
5
What is the thousands digit of 48738?
8
What is the units digit of 11587?
7
What is the tens digit of 3953?
5
What is the units digit of 71894?
4
What is the hundreds digit of 450?
4
What is the tens digit of 10192?
9
What is the hundred thousands digit of 105476?
1
What is the tens digit of 1155?
5
What is the ten thousands digit of 14975?
1
What is the hundreds digit of 247?
2
What is the thousands digit of 1034?
1
What is the tens digit of 1308?
0
What is the thousands digit of 2241?
2
What is the units digit of 24015?
5
What is the tens digit of 1863?
6
What is the hundreds digit of 925?
9
What is the units digit of 162?
2
What is the hundreds digit of 413?
4
What is the thousands digit of 2377?
2
What is the tens digit of 1645?
4
What is the hundreds digit of 951?
9
What is the units digit of 779?
9
What is the thousands digit of 89141?
9
What is the units digit of 9083?
3
What is the hundreds digit of 661?
6
What is the ten thousands digit of 25426?
2
What is the ten thousands digit of 44715?
4
What is the units digit of 2603?
3
What is the units digit of 691?
1
What is the units digit of 1987?
7
What is the units digit of 30231?
1
What is the ten thousands digit of 10992?
1
What is the hundreds digit of 3369?
3
What is the hundreds digit of 2785?
7
What is the hundreds digit of 2440?
4
What is the thousands digit of 4183?
4
What is the tens digit of 2464?
6
What is the tens digit of 79838?
3
What is the tens digit of 32769?
6
What is the hundreds digit of 56742?
7
What is the hundreds digit of 20097?
0
What is the tens digit of 37166?
6
What is the thousands digit of 2504?
2
What is the units digit of 51778?
8
What is the tens digit of 653?
5
What is the hundreds digit of 799?
7
What is the tens digit of 507?
0
What is the tens digit of 15666?
6
What is the tens digit of 461?
6
What is the hundreds digit of 11308?
3
What is the tens digit of 795?
9
What is the tens digit of 357?
5
What is the tens digit of 1805?
0
What is the units digit of 7376?
6
What is the thousands digit 